 b be a(-19). Let f be w(b). Suppose 16*u - 753 = f*u. Is u a prime number?
False
Let x be 403520/19 + (-74)/(-703). Suppose 3*a = -11*a + x. Is a a prime number?
False
Let h be (-35)/14*18/15. Let q be 4/(-6)*h - 0. Suppose 4*o = q*y - 1894, -2*o + 5*o + 950 = y. Is y composite?
False
Suppose 3*k - 3841365 = -3*x, -754*x = -750*x - 5*k - 5121802. Is x a composite number?
False
Suppose 17*s = 11*s + 156. Suppose -21*w + s*w = 10410. Suppose 0 = 4*j - 10*j + w. Is j a prime number?
True
Let p = -203998 + 329063. Is p composite?
True
Let s(n) = 55*n**2 + 15*n - 249. Is s(17) composite?
False
Let r = 562479 - 254012. Is r a composite number?
False
Let n be 1/(153/(-39) - -4). Suppose 0 = n*r - 8*r + 25. Is (-27624)/(-40) - 2/r prime?
True
Let a = 168 - 148. Is 6/30 - (-32056)/a a prime number?
False
Let c = 108 - 94. Let a be -4 + (c/1 - -2). Let x(b) = 12*b**2 + 13*b - 31. Is x(a) a prime number?
False
Let q = -1992 - -6829. Is q a prime number?
False
Suppose 5*o + 2*u = -25075, 9367 + 5682 = -3*o - 2*u. Let l = 1016 - o. Is l prime?
True
Let r be 2/4*0/16. Suppose 8 = 2*k - r*k. Suppose k*n - 3580 = -240. Is n a prime number?
False
Let r be ((-7)/(-4))/(9/(-36)). Let k(b) = -133*b - 30. Is k(r) composite?
True
Suppose -2*a = 8, -94*m + 97*m - 43355 = -a. Is m a composite number?
True
Suppose 5*d + 3416 + 25958 = g, d + 117458 = 4*g. Let u = g - 17573. Is u a prime number?
False
Let j = 25 + -23. Suppose 1027 = -5*c - 3*r + 3429, -j*c + 5*r + 936 = 0. Is c/6 - (-40)/(-60) composite?
False
Let b(d) = d. Let p be b(-8). Let u be (1341/3)/((-12)/p). Let i = 289 + u. Is i prime?
True
Let a(t) = -t. Let b(k) = -9*k + 8*k**2 - 4*k**2 + 8*k**2 + 1 - 14*k. Let q(d) = 4*a(d) + b(d). Is q(6) composite?
False
Suppose 0 = 29*b - 35*b + 30. Suppose -99 + 9 = b*q. Let x = q + 337. Is x prime?
False
Suppose 17957 = 3*q + 1679. Let u = -723 + q. Is u a composite number?
False
Suppose 240*h - 134*h = 126*h - 3915620. Is h composite?
False
Let s be 4/(-18) - (-235)/135*3. Suppose 3*g - 3*o = 28572, s*g - 47647 = -3*o - o. Suppose -2*n + g = 5*n. Is n a prime number?
True
Let h(d) = 369*d**2 - 26*d + 436. Is h(21) prime?
False
Let h(v) = 24415*v - 314. Is h(3) composite?
False
Let l(t) = -t**3 + 15*t**2 + 13*t + 3. Let b be l(15). Suppose 0 = -2*m - 4*k + b, 104 = m + 2*k - k. Is m a prime number?
True
Let x(d) = -4*d**3 + 44*d**2 + 51*d + 102. Is x(-32) a composite number?
True
Let n(y) = -16*y**2 + 6*y - 160. Let v be n(9). Is (-32 + 30)*v/4 prime?
True
Suppose -20 = 9*h - 14*h, -h = 3*r - 160. Suppose r*w = 54*w - 9254. Is w prime?
False
Let c(i) be the third derivative of -7*i**6/60 + i**5/15 + 11*i**4/24 + 5*i**3/6 - 8*i**2. Let k be c(-4). Suppose -85*j + 82*j = -k. Is j prime?
True
Let z(u) = -4*u + 3. Let m(s) = -7*s + 5. Let l(j) = -3*m(j) + 5*z(j). Let b(w) = -6*w**2 + w + 14. Let n(c) = -b(c) + 5*l(c). Is n(-6) composite?
True
Suppose -4*c + 2851825 = 9*c + 12*c. Is c a prime number?
True
Let o = -7 + 11. Let h(w) = 11*w**3 - 6*w**2 + 4*w + 7. Let l be h(o). Suppose l = -5*d + 1701. Is d composite?
True
Suppose -3*b - 308592 = 5*c, -9*c = -4*c - b + 308596. Is (c/84)/(-2 - 7/(-4)) a prime number?
True
Suppose -10*y + 7*y - 6 = 0. Let g(m) = -2*m**2 + 6*m - 27. Let c(o) = o**2 - 7*o + 27. Let k(i) = y*g(i) - 3*c(i). Is k(-25) a composite number?
False
Let u(z) = 29008*z - 1135. Is u(7) a prime number?
False
Let u be (-3 - 182/(-4))*12/(-15). Let m be 194/2 + -2 - 2. Let o = m + u. Is o a prime number?
True
Let h = 11347 - -19055. Suppose -5106 = 6*p + h. Is 3/(-18) - p/12 prime?
False
Suppose -2 = -5*f + l + 5, -f - 3*l = -11. Suppose 28 = f*o + 8. Is (-20)/(-50) + 1226/o composite?
True
Suppose 0 = t + 4*t - 22580. Suppose -t = -3*k + 7022. Let w = -2011 + k. Is w prime?
False
Suppose -230268 = -16*p + 848276. Is p composite?
False
Suppose -6652 = -8*w - 796. Let d = w + -1897. Let s = 1691 + d. Is s composite?
True
Suppose 2*z = -4*k + 88952, k + 4*z = -2*k + 66699. Is k composite?
True
Let u(a) = -a**2 + 29*a - 147. Let r be u(10). Suppose -r*d + 19733 = -36*d. Is d a prime number?
True
Is 1 - (3/30*-4 - 2218644/15) a prime number?
False
Let m be 0 + ((-4)/(-4))/((-2)/818). Let p = 736 + m. Let z = p + -182. Is z a prime number?
False
Let l(x) = 2245*x - 117. Is l(10) a composite number?
True
Suppose h + 1182 = 4*t, 0 = -2*t + 5*h + 952 - 370. Let k = 675 - t. Is k a prime number?
True
Let t = 664 + -662. Let r(b) = 1984*b**3 - 5*b + 4. Is r(t) a composite number?
True
Suppose -24*a - 38714370 = 31*a - 85*a. Is a composite?
True
Suppose 32*g - s - 741805 = 29*g, -3*g + 741765 = 9*s. Is g a prime number?
False
Suppose -2*z - 5*q = -158757 + 2014, -3*z + 235122 = 5*q. Is z prime?
False
Suppose -t - 2*f = 0, -5*f - 1 + 2 = 3*t. Let m(u) = 60*u - 25. Is m(t) prime?
False
Is (-70 + 65)/(5/(-157991)) a composite number?
False
Let d(z) = 2*z**2 - 13*z + 10. Suppose -4*a + 219 + 53 = 0. Let y = 76 - a. Is d(y) a composite number?
True
Let v(p) = -p**2 - 3*p + 2. Let q be v(-2). Suppose -4*k = -0*k - q*f - 1024, -5*f = 3*k - 752. Is k prime?
False
Let f = 44848 - -41275. Is f composite?
True
Suppose -19*n + 23*n = 168. Let i = 63 - n. Let g = 88 - i. Is g prime?
True
Suppose 438*u - 437*u - 18517 = 0. Is u composite?
False
Let s(l) be the third derivative of 5*l**4/24 + 3*l**3 + 33*l**2. Let a be s(-3). Suppose a*g + 46 = 2*k - g, 2*g = 10. Is k composite?
True
Let x = -16405 + 37254. Is x a prime number?
True
Let b be (-16)/9 - 70/315. Is (83220/120)/((-1 + 0)/b) prime?
False
Let y be 2/4 - ((-190)/(-4) + -2). Let o = 49 + y. Is o/(-6) - (-17542)/42 prime?
False
Let o be 4/5*40/(-16). Let v be (3 - -81)/3 + o/(-1). Suppose -31*m = -v*m - 751. Is m prime?
True
Let m be 2/((-1)/4 - (-11)/22). Let j be (m/(-4))/1 - -1. Is (2 + j)/(-3) + 6042/9 composite?
True
Let s(y) = 9*y**3 - 12*y**2 + 26*y - 261. Is s(16) prime?
False
Suppose 15*m - 40879 - 67728 = 97658. Is m composite?
False
Let p = 649292 + 187725. Is p composite?
False
Suppose -5*d - 67 = 2*x - 6*x, x = -2. Is 8/(192/59553) - d/(-40) prime?
False
Suppose -4676239 = -63*c - 112582. Is c prime?
False
Let t(r) be the third derivative of 87*r**4/8 + 2*r**3/3 - 412*r**2. Suppose -2*z + 5 = -1. Is t(z) prime?
True
Suppose -4*u = 12, -r + 18187 = 3*u - 57043. Is r a composite number?
False
Let i(y) = 50*y + 79. Let l be i(3). Let p(a) = -a**3 + 2*a**2 - 6*a + 4. Let t be p(-5). Suppose 2*q = t + l. Is q a prime number?
False
Suppose 36892 = -7*i + 141689. Is i composite?
True
Suppose -21*h + 59766 = 21*h. Let d = -1013 - -527. Let y = h + d. Is y composite?
False
Let o(u) = u**3 + 8*u**2 - 12*u - 27. Let h be o(-9). Suppose -3*g = -15, -7*z + 3*z - g + 80689 = h. Is z a composite number?
True
Let a = 2124539 + -1072486. Is a prime?
False
Suppose 0 = -121*h + 37*h + 54720486 - 10964382. Is h a prime number?
False
Suppose -4*r = 4, -4*r = -81*v + 79*v + 2026478. Is v a composite number?
False
Let b(h) = 6*h**2 + 6*h - 19. Let n be ((-1)/3 + (-154)/(-42))*15. Suppose 16*x + n = 11*x. Is b(x) a composite number?
False
Let n(g) = g**2 - 38. Let a be n(0). Suppose 6*m + 492 = 3138. Let y = m - a. Is y prime?
True
Let o = -66781 + 124698. Is o composite?
False
Suppose 3*w = 2*t + 2*t - 123, 4*t + 5*w = 83. Let d(j) = 31*j + 16. Is d(t) prime?
True
Let b(o) = -9*o**3 + 30 - 4*o**2 - 4*o**2 + 10*o - 28. Suppose 3*w = 4*w + 7. Is b(w) a prime number?
False
Suppose -11*v = 6*v - 2316649 + 267996. Is v a composite number?
True
Suppose c = 4*v - 111531, -c + 196313 - 56897 = 5*v. Is v prime?
True
Suppose f + 2*p = 4*p + 2706, -2 = -2*p. Suppose 0*r + 3*r = 5*h + 2031, -4*r + 2*h + f = 0. Is r composite?
False
Suppose -24 - 27 = -17*w. Suppose -30*x - 3*c + 2173 = -28*x, 5*x - w*c = 5380. Is x a prime number?
False
Suppose 0 = 2*s + 31 - 37. Suppose -4*b - 15015 - 8919 = -2*r, 11971 = r - s*b. Is r prime?
True
Suppose 22 = 3*o - 3*u + 5*u, -23 = -2*o - 3*u. Suppose 0 = -5*h - 5*i + 4990, -o*h = -3*h - i - 998. Is h composite?
True
Let j = -241 + 193. Let r = j - -1997. Is r prime?
True
Let h be (6 - 14/2)*-609. Suppose 12 = 4*t + 5*w - 3*w, -2*t + 6 = -3*w. Suppose -6*u + t*u = -h. Is u a composite number?
True
Let m(r) = -309*r**3 - 10*r**2 - 8*r. Let g(d) = d**3 + 14*d**2 + 3*d + 41. Let w be g(-14). Is m(w) prime?
Tr